{"id":1133,"date":"2022-02-12T12:25:46","date_gmt":"2022-02-12T12:25:46","guid":{"rendered":"http:\/\/cherubiny.pl\/?page_id=1133"},"modified":"2022-03-11T16:53:51","modified_gmt":"2022-03-11T16:53:51","slug":"regulamin","status":"publish","type":"page","link":"http:\/\/cherubiny.pl\/index.php\/regulamin\/","title":{"rendered":"Regulamin"},"content":{"rendered":"\n<p><span style=\"font-weight: bold;\"><strong>Regulamin<\/strong><\/span><\/p>\n\n\n\n<ol><li>Cherubiny prywatny punkt \u017c\u0142obkowy zwany dalej Punktem mie\u015bci si\u0119 przy ulicy A\u0142unowej 19 we Wroc\u0142awiu.<\/li><li>Punkt czynny jest od poniedzia\u0142ku do pi\u0105tku w godzinach od 7.00 do 17.00<\/li><li>Rodzice\/Opiekunowie zobowi\u0105zani s\u0105 do przyprowadzania i odbierania dziecka z Punktu osobi\u015bcie lub za po\u015brednictwem os\u00f3b upowa\u017cnionych w formie pisemnej<\/li><li>Dzieci powinny zosta\u0107 przyprowadzone do \u015bniadania czyli do godziny 9.00<\/li><li>Rodzice\/Opiekunowie zobowi\u0105zani s\u0105 przyprowadza\u0107 do Punktu zdrowe Dziecko. Dziecko chore lub podejrzane o chorob\u0119 nie zostanie przyj\u0119te.<\/li><li>Rodzice\/Opiekunowie zostan\u0105 natychmiast powiadomieni o fakcie pogorszenia stanu zdrowia Dziecka podczas jego pobytu w Punkcie i maj\u0105 obowi\u0105zek odebra\u0107 chore Dziecko z plac\u00f3wki w jak najkr\u00f3tszym czasie.<\/li><li>Personel Punktu nie podaje Dzieciom lekarstw.<\/li><li>Rodzice\/Opiekunowie zobowi\u0105zaniu s\u0105 do odbierania Dziecka do godziny 17.00<\/li><li>Osobom w stanie nietrze\u017awym Dzieci nie b\u0119d\u0105 wydawane.<\/li><li>Personel nie ponosi odpowiedzialno\u015bci za Dziecko pozostaj\u0105ce na terenie Punktu pod opiek\u0105 Rodzic\u00f3w\/Opiekun\u00f3w lub os\u00f3b upowa\u017cnionych do odbioru Dziecka. Dziecko jest pod opiek\u0105 Rodzica\/Opiekuna rano w trakcie przyprowadzania do momentu przekazania Dziecka pod opiek\u0119 personelu oraz popo\u0142udniu w trakcie odbioru Dziecka, od momentu zabrania z grupy.<\/li><li>Punkt zobowi\u0105zuje si\u0119 do\u0142o\u017cy\u0107 wszelkich stara\u0144, aby zapewni\u0107 Dziecku bezpiecze\u0144stwo w czasie opieki sprawowanej przez Punkt.<\/li><li>Na czas pobytu Dziecka w Punkcie Rodzice\/Opiekunowie powinni dostarczy\u0107:<\/li><\/ol>\n\n\n\n<ul><li>kapcie<\/li><li>pi\u017cam\u0119<\/li><li>szczoteczk\u0119 i kubek do mycia z\u0119b\u00f3w<\/li><li>ubrania na zmian\u0119 (koszulka, majtki, rajstopy, skarpety, spodenki, body)<\/li><li>smoczek, pieluszk\u0119 tetrow\u0105 do przytulania, misia pluszowego lub co\u015b z czym dziecko zasypia<\/li><li>\u015bliniak<\/li><li>poszewki na po\u015bciel i poduszk\u0119, prze\u015bcierad\u0142o<\/li><li>mleko, kasz\u0119, deser, obiadek je\u015bli dziecko b\u0119dzie jad\u0142o w naszej plac\u00f3wce co\u015b czego my nie podajemy lub nie mo\u017ce je\u015b\u0107 z powodu alergii (ustalamy wraz z rodzicem przy podpisaniu umowy)<\/li><li>butelk\u0119 lub kubeczek do picia<\/li><li>pieluszki i mokre chusteczki oraz krem przeciw odparzeniom<\/li><\/ul>\n\n\n\n<p>&nbsp;&nbsp;&nbsp;&nbsp;&nbsp;&nbsp; 13. Rozk\u0142ad posi\u0142k\u00f3w i zaj\u0119\u0107 dzieci okre\u015bla ramowy plan dnia wywieszony na tablicy og\u0142osze\u0144.<br>&nbsp;&nbsp;&nbsp;&nbsp;&nbsp;&nbsp; 14. Op\u0142aty:<\/p>\n\n\n\n<ul><li>Czesne:<br>&#8211; <span style=\"font-weight: bold;\"><strong>1200 z\u0142<\/strong><\/span><\/li><li>Dzienna stawka \u017cywieniowa &#8211; <span style=\"font-weight: bold;\"><strong>16 z\u0142<\/strong><\/span>\/dzie\u0144 (dieta podstawowa, dieta eliminacyjna 17 z\u0142\/dzie\u0144)<\/li><li>Op\u0142ata grzewcza w miesi\u0105cach od lgrudnia do marca &#8211; <span style=\"font-weight: bold;\"><strong>50 z\u0142<\/strong><\/span><\/li><li>Wpisowe <span style=\"font-weight: bold;\"><strong>400 z\u0142\/ na rok<\/strong><\/span>, lub w dw\u00f3ch ratach po <span style=\"font-weight: bold;\"><strong>200 z\u0142<\/strong><\/span><\/li><li>Ubezpieczenie <span style=\"font-weight: bold;\"><strong>46 z\u0142<\/strong><\/span><\/li><li>Dodatkowa godzina pobytu dziecka (po godzinach zamkni\u0119cia plac\u00f3wki lub um\u00f3wionych godzin w umowie) &#8211; <span style=\"font-weight: bold;\"><strong>30 z\u0142<\/strong><\/span><\/li><li>Pobyt dziecka w weekend w godzinach od 09.00 do 14.00 &#8211; <span style=\"font-weight: bold;\"><strong>100 z\u0142<\/strong><\/span> bez wy\u017cywienia<\/li><\/ul>\n\n\n\n<p>&#8211; Rodzice\/Opiekunowie zobowi\u0105zani s\u0105 wnosi\u0107 op\u0142aty do 5 dnia ka\u017cdego miesi\u0105ca z g\u00f3ry.<br>&#8211; Wszelkie op\u0142aty na rzecz Punktu s\u0105 bezzwrotne.<br>&#8211; Punkt zwraca jedynie dzienn\u0105 stawk\u0119 \u017cywieniow\u0105 w wysoko\u015bci 10 z\u0142 w przypadku zg\u0142oszonej wcze\u015bniej nieobecno\u015bci dziecka.<br>&#8211; <span style=\"font-weight: bold;\"><strong>W lipcu lub sierpniu przez 2 tygodnie Punkt nie \u015bwiadczy swoich us\u0142ug.<\/strong><\/span> Dotyczy to r\u00f3wnie\u017c kilku dni wolnych w ci\u0105gu roku wybranych przez w\u0142a\u015bcicielk\u0119 Punktu, wcze\u015bniej podanych do wiadomo\u015bci Rodzicom\/Opiekunom. W tym czasie op\u0142aty pozostaj\u0105 bez zmian, punkt zwraca jedynie stawk\u0119 \u017cywieniow\u0105.<br>&#8211; Wszelkie op\u0142aty na poczet Punktu wnoszone b\u0119d\u0105 przelewem na rachunek bankowy.<br>&#8211; <span style=\"font-weight:700;\"><strong>Punkt zastrzega sobie mo\u017cliwo\u015b\u0107 podwy\u017cszenia op\u0142at za \u015bwiadczone us\u0142ugi w przypadku wzrostu op\u0142at medi\u00f3w (gaz, energia elektryczna, obs\u0142uga administracyjna, kosztu utrzymania pracownika itp.)<\/strong><\/span>.<br>Ka\u017cdorazowa zmiana op\u0142at jest przedstawiana w formie aneksu do zawartej Umowy.<br>&nbsp;&nbsp;&nbsp;&nbsp;&nbsp;&nbsp; 15. Rodzic\/Opiekun wyra\u017ca zgod\u0119 na umieszczanie zdj\u0119\u0107 z wizerunkiem Dziecka w celach promocyjnych na stronie internetowej firmy.<\/p>\n\n\n\n<p>&nbsp; &nbsp; &nbsp;&nbsp; 16. Podpisanie umowy z Punktem oznacza jednocze\u015bnie akceptacj\u0119 Regulaminu, kt\u00f3ry jest jej integraln\u0105 cz\u0119\u015bci\u0105.<br>&nbsp;&nbsp;&nbsp;&nbsp;&nbsp;&nbsp; 17. W sprawach, kt\u00f3rych niniejszy Regulamin nie reguluje, obowi\u0105zuj\u0105 indywidualne ustalenia mi\u0119dzy Punktem a Rodzicem\/Opiekunem.<br>&nbsp;&nbsp;&nbsp;&nbsp;&nbsp;&nbsp; 18. O ewentualnych zmianach w Regulaminie lub Cenniku Punkt informuje na bie\u017c\u0105co w swojej siedzibie oraz na stronie internetowej. Rodzic\/Opiekun ma prawo wypowiedzenia umowy w terminie 30 dni od momentu wprowadzenia zmian.<\/p>\n","protected":false},"excerpt":{"rendered":"<p>Regulamin Cherubiny prywatny punkt \u017c\u0142obkowy zwany dalej Punktem mie\u015bci si\u0119 przy ulicy A\u0142unowej 19 we Wroc\u0142awiu. Punkt czynny jest od&#8230;<\/p>\n","protected":false},"author":1,"featured_media":0,"parent":0,"menu_order":0,"comment_status":"closed","ping_status":"closed","template":"","meta":{"pmpro_default_level":0},"_links":{"self":[{"href":"http:\/\/cherubiny.pl\/index.php\/wp-json\/wp\/v2\/pages\/1133"}],"collection":[{"href":"http:\/\/cherubiny.pl\/index.php\/wp-json\/wp\/v2\/pages"}],"about":[{"href":"http:\/\/cherubiny.pl\/index.php\/wp-json\/wp\/v2\/types\/page"}],"author":[{"embeddable":true,"href":"http:\/\/cherubiny.pl\/index.php\/wp-json\/wp\/v2\/users\/1"}],"replies":[{"embeddable":true,"href":"http:\/\/cherubiny.pl\/index.php\/wp-json\/wp\/v2\/comments?post=1133"}],"version-history":[{"count":4,"href":"http:\/\/cherubiny.pl\/index.php\/wp-json\/wp\/v2\/pages\/1133\/revisions"}],"predecessor-version":[{"id":1284,"href":"http:\/\/cherubiny.pl\/index.php\/wp-json\/wp\/v2\/pages\/1133\/revisions\/1284"}],"wp:attachment":[{"href":"http:\/\/cherubiny.pl\/index.php\/wp-json\/wp\/v2\/media?parent=1133"}],"curies":[{"name":"wp","href":"https:\/\/api.w.org\/{rel}","templated":true}]}}